me number?
True
Is 193589009 a composite number?
True
Is 5185607 composite?
True
Is 14026531 composite?
False
Is 188284727 a prime number?
True
Is 192067849 a prime number?
True
Is 1409819 a prime number?
False
Is 1210189 prime?
False
Is 17009306 a composite number?
True
Is 27189293 a composite number?
False
Is 529222273 prime?
True
Is 1156763 a composite number?
True
Is 5777027 prime?
False
Is 887693 composite?
False
Is 729329 a prime number?
True
Is 1488847 prime?
True
Is 3216827 composite?
False
Is 670538893 a composite number?
False
Is 9532591 composite?
False
Is 10387039 prime?
False
Is 97845973 a composite number?
False
Is 19112722 a composite number?
True
Is 482039157 prime?
False
Is 7130953 a prime number?
False
Is 173864849 prime?
False
Is 2650207 a prime number?
False
Is 49969699 a composite number?
True
Is 18049841 prime?
False
Is 2012639 prime?
True
Is 23744194 a prime number?
False
Is 567407 composite?
False
Is 6845797 a prime number?
False
Is 174650023 a composite number?
True
Is 61447157 a composite number?
False
Is 12915973 composite?
True
Is 748871 a prime number?
True
Is 7878763 composite?
False
Is 164825119 a prime number?
True
Is 51552377 a composite number?
True
Is 306197 a prime number?
False
Is 4573727 a composite number?
False
Is 570149 prime?
False
Is 15190141 prime?
True
Is 63607043 prime?
True
Is 11979461 a composite number?
True
Is 3897823 a prime number?
True
Is 2077381 a composite number?
True
Is 38312719 composite?
False
Is 1071181 composite?
False
Is 2266867 a composite number?
True
Is 40951709 prime?
True
Is 1285957 prime?
False
Is 80225779 prime?
True
Is 245434451 a composite number?
True
Is 161494919 prime?
True
Is 2635951 a prime number?
False
Is 8862851 composite?
True
Is 34564199 a composite number?
True
Is 686055793 prime?
True
Is 9792701 a prime number?
True
Is 172750283 a prime number?
True
Is 75079 composite?
False
Is 2243017 prime?
False
Is 1672903 a prime number?
False
Is 87062649 prime?
False
Is 3325631 composite?
False
Is 2125753 a prime number?
False
Is 18895087 composite?
False
Is 112649 composite?
True
Is 103891643 a prime number?
True
Is 1648741 a prime number?
False
Is 27874871 a prime number?
True
Is 11848063 composite?
True
Is 8832523 prime?
False
Is 21610321 composite?
True
Is 9986551 a composite number?
True
Is 4191247 a composite number?
True
Is 6370789 a composite number?
True
Is 202836841 prime?
True
Is 3923609 prime?
True
Is 731213 composite?
True
Is 180231377 composite?
False
Is 9812039 a prime number?
True
Is 69473143 prime?
False
Is 451195 a prime number?
False
Is 102643 a prime number?
True
Is 11319031 a prime number?
True
Is 1604501 prime?
True
Is 25570339 composite?
False
Is 13339127 composite?
False
Is 27119101 prime?
False
Is 9364837 a prime number?
True
Is 463741 a composite number?
False
Is 13957521 a composite number?
True
Is 32883823 composite?
True
Is 3073321 a prime number?
False
Is 319019 composite?
True
Is 5678873 prime?
True
Is 10330753 composite?
False
Is 62723 prime?
True
Is 95132621 a composite number?
False
Is 3729720815 a prime number?
False
Is 10558567 a composite number?
False
Is 1392679 composite?
False
Is 5802721 prime?
False
Is 7728797 composite?
False
Is 1007933 a prime number?
True
Is 9949169 a prime number?
True
Is 2330633 composite?
False
Is 2656519 a composite number?
True
Is 2981203 a prime number?
False
Is 584509 a prime number?
True
Is 501748127 composite?
False
Is 5088089 composite?
False
Is 43645526 composite?
True
Is 2235929 prime?
False
Is 129345043 a prime number?
True
Is 973 a composite number?
True
Is 33891679 prime?
True
Is 141397 a composite number?
False
Is 107323591 composite?
False
Is 1134167 a composite number?
True
Is 1224487 a prime number?
False
Is 50858435 a prime number?
False
Is 33107873 a prime number?
False
Is 15719881 a composite number?
True
Is 43903807 prime?
False
Is 58833419 a composite number?
False
Is 10541111 a composite number?
True
Is 2094271 prime?
True
Is 76182719 a prime number?
False
Is 999172241 composite?
False
Is 20370215 a prime number?
False
Is 23125273 composite?
False
Is 637661 composite?
True
Is 25600009 prime?
False
Is 1251837409 prime?
True
Is 44266423 a prime number?
True
Is 26417497 composite?
True
Is 571009403 a composite number?
False
Is 8816287 composite?
True
Is 37349261 composite?
False
Is 104236933 composite?
True
Is 2658427 prime?
False
Is 56153171 a prime number?
True
Is 21851185 a composite number?
True
Is 64277327 prime?
True
Is 62263211 a prime number?
True
Is 230636093 prime?
False
Is 422327977 a composite number?
True
Is 1836553 prime?
True
Is 524497 a composite number?
False
Is 173021 a prime number?
True
Is 7682383 composite?
False
Is 179829379 a prime number?
False
Is 11072289 a composite number?
True
Is 609947 a prime number?
False
Is 65132443 composite?
False
Is 6807499 prime?
True
Is 4490789 composite?
True
Is 156266093 composite?
True
Is 149137 composite?
True
Is 84404377 prime?
True
Is 2360539 composite?
False
Is 6307621 prime?
True
Is 2451839 a composite number?
True
Is 7611481 a composite number?
True
Is 7934581 composite?
False
Is 671701 prime?
True
Is 265957 composite?
False
Is 1298027 prime?
True
Is 5199797 prime?
True
Is 358942 a composite number?
True
Is 350237 composite?
False
Is 58954277 a composite number?
True
Is 3901087 prime?
True
Is 5415922 a prime number?
False
Is 5413627 prime?
False
Is 434691581 composite?
True
Is 4846547 a composite number?
True
Is 92761159 a composite number?
True
Is 8833585 a prime number?
False
Is 112246027 a composite number?
False
Is 60285779 a composite number?
False
Is 16620239 prime?
True
Is 14373302 a prime number?
False
Is 4073477 a prime number?
False
Is 20795627 a prime number?
False
Is 100190969 a composite number?
True
Is 207541 a composite number?
False
Is 767461 prime?
False
Is 6101597 composite?
False
Is 2922287 a prime number?
True
Is 161786199 a prime number?
False
Is 97624838 prime?
False
Is 2473777 prime?
True
Is 127367 a composite number?
True
Is 8773969 composite?
False
Is 747547 composite?
False
Is 7757671 composite?
True
Is 24252519 a composite number?
True
Is 460599943 composite?
False
Is 60560303 a composite number?
True
Is 33430093 a prime number?
False
Is 39044077 prime?
True
Is 45821551 a prime number?
True
Is 16596193 a composite number?
False
Is 33916447 composite?
False
Is 4792603 a prime number?
True
Is 32418347 composite?
True
Is 15320257 composite?
True
Is 404575415 a prime number?
False
Is 48394519 prime?
True
Is 24701207 prime?
True
Is 5578769 a composite number?
True
Is 16621217 a prime number?
True
Is 256018327 prime?
False
Is 247223 composite?
False
Is 27971935 composite?
True
Is 254491729 composite?
False
Is 92590019 a composite number?
True
Is 13473547 prime?
False
Is 5692735 a composite number?
True
Is 154854643 prime?
True
Is 24659 a composite number?
False
Is 3863971 a prime number?
True
Is 13214713 composite?
False
Is 283063 a prime number?
False
Is 1205707 a prime number?
True
Is 217699919 a prime number?
True
Is 30348785 composite?
True
Is 120956159 composite?
False
Is 16449029 a composite number?
True
Is 17244991 a composite number?
False
Is 2291477 composite?
False
Is 5964747 a composite number?
True
Is 159320729 a prime number?
False
Is 10949667 a prime number?
False
Is 9986731 a composite number?
False
Is 367420933 a composite number?
True
Is 29571043 composite?
True
Is 2280797 a composite number?
True
Is 10951177 a composite number?
True
Is 826957 composite?
False
Is 9179791 a composite number?
False
Is 1580141 a prime number?
True
Is 54047573 a prime number?
False
Is 9363478 composite?
True
Is 128516953 a prime number?
True
Is 75824687 prime?
False
Is 686353619 prime?
False
Is 3605711 prime?
True
Is 19174669 prime?
False
Is 17678903 prime?
False
Is 40458851 composite?
True
Is 615477859 a prime number?
True
Is 6166681 a prime number?
True
Is 88142611 a prime number?
True
Is 50672153 a composite number?
True
Is 138615707 a prime number?
True
Is 13207255 prime?
False
Is 2990929 a prime number?
False
Is 18907597 a composite number?
False
Is 87065389 a prime number?
False
Is 13794649 composite?
True
Is 5033281 composite?
True
Is 649114 composite?
True
Is 34980299 a composite number?
False
Is 7146